11
Calculate the remainder when 1458774 is divided by 1011.
912
Calculate the remainder when 1194474 is divided by 386.
190
Calculate the remainder when 421966 is divided by 2294.
2164
What is the remainder when 3871278 is divided by 20?
18
Calculate the remainder when 18788926 is divided by 569361.
13
What is the remainder when 567071 is divided by 33?
32
What is the remainder when 8332 is divided by 3946?
440
Calculate the remainder when 13053187 is divided by 108.
91
What is the remainder when 24898981 is divided by 2707?
2702
What is the remainder when 152091174 is divided by 18?
12
Calculate the remainder when 645677 is divided by 6456.
77
What is the remainder when 1345247 is divided by 482?
467
What is the remainder when 1229498 is divided by 153673?
114
What is the remainder when 65530887 is divided by 163?
160
Calculate the remainder when 404322 is divided by 1891.
1539
What is the remainder when 1052683 is divided by 4161?
4111
What is the remainder when 980221238 is divided by 5291?
5287
Calculate the remainder when 7424 is divided by 2473.
5
Calculate the remainder when 24116822 is divided by 24116804.
18
Calculate the remainder when 72967 is divided by 155.
117
What is the remainder when 95587 is divided by 69?
22
What is the remainder when 20511736 is divided by 89?
84
Calculate the remainder when 7841 is divided by 737.
471
What is the remainder when 207395 is divided by 244?
239
What is the remainder when 1416514 is divided by 28330?
14
Calculate the remainder when 105585 is divided by 2569.
256
What is the remainder when 4555939 is divided by 7481?
10
What is the remainder when 4354795 is divided by 304?
299
What is the remainder when 2435953 is divided by 366?
223
What is the remainder when 526408 is divided by 171765?
11113
What is the remainder when 997077 is divided by 4?
1
What is the remainder when 65416733 is divided by 413?
11
What is the remainder when 921276 is divided by 92124?
36
Calculate the remainder when 56715464 is divided by 70.
64
What is the remainder when 49412923 is divided by 3904?
3899
What is the remainder when 232200 is divided by 267?
177
Calculate the remainder when 95991 is divided by 95442.
549
What is the remainder when 95755 is divided by 1395?
895
What is the remainder when 108347 is divided by 108118?
229
What is the remainder when 256566 is divided by 3091?
13
What is the remainder when 1106883 is divided by 856?
75
What is the remainder when 327032 is divided by 721?
419
What is the remainder when 630544 is divided by 4?
0
What is the remainder when 224120 is divided by 44803?
105
What is the remainder when 1022220 is divided by 159?
9
What is the remainder when 476450 is divided by 118?
84
Calculate the remainder when 271527265 is divided by 210.
205
Calculate the remainder when 5698400 is divided by 1677.
1631
What is the remainder when 337790 is divided by 24?
14
Calculate the remainder when 382200 is divided by 127386.
42
Calculate the remainder when 8882327 is divided by 392.
391
Calculate the remainder when 233409378 is divided by 12.
6
Calculate the remainder when 183071 is divided by 32.
31
Calculate the remainder when 824470 is divided by 227.
6
Calculate the remainder when 211298 is divided by 66.
32
Calculate the remainder when 1863158 is divided by 92.
66
What is the remainder when 3894344 is divided by 1365?
1364
What is the remainder when 192980 is divided by 717?
107
Calculate the remainder when 1013540084 is divided by 5253.
5252
What is the remainder when 256575 is divided by 383?
348
Calculate the remainder when 26862508 is divided by 3063.
3061
What is the remainder when 35599185 is divided by 182?
167
Calculate the remainder when 39155636 is divided by 6284.
32
Calculate the remainder when 476915 is divided by 36657.
374
What is the remainder when 47545912 is divided by 778?
776
Calculate the remainder when 243752 is divided by 17304.
1496
Calculate the remainder when 9268783 is divided by 67165.
13
What is the remainder when 2152998 is divided by 716968?
2094
Calculate the remainder when 17433991 is divided by 1887.
1885
Calculate the remainder when 810738 is divided by 345.
333
What is the remainder when 5087738 is divided by 1695904?
26
What is the remainder when 2659255 is divided by 164?
159
Calculate the remainder when 1319201 is divided by 15.
11
Calculate the remainder when 272961972 is divided by 307.
290
What is the remainder when 4615002 is divided by 256389?
0
Calculate the remainder when 4445202 is divided by 167.
163
What is the remainder when 5800084 is divided by 1270?
1264
What is the remainder when 32353 is divided by 15523?
1307
Calculate the remainder when 784025 is divided by 18333.
14039
What is the remainder when 3813755 is divided by 174?
23
What is the remainder when 36392381 is divided by 295?
1
What is the remainder when 4016873 is divided by 6998?
21
What is the remainder when 692548 is divided by 1032?
76
What is the remainder when 1016260 is divided by 2195?
2170
What is the remainder when 37188474 is divided by 5?
4
What is the remainder when 10103924 is divided by 385?
369
Calculate the remainder when 312781551 is divided by 621.
618
Calculate the remainder when 27070197 is divided by 2874.
2865
Calculate the remainder when 2909191 is divided by 15897.
40
What is the remainder when 506766 is divided by 168184?
2214
Calculate the remainder when 58000082 is divided by 1686.
1682
What is the remainder when 5924865 is divided by 370303?
17
What is the remainder when 25821555 is divided by 240?
195
Calculate the remainder when 1108561 is divided by 56.
41
What is the remainder when 222849087 is divided by 121?
120
Calculate the remainder when 1376083 is divided by 278.
261
What is the remainder when 41471 is divided by 1295?
31
What is the remainder when 9874322 is divided by 3964?
3962
What is the remainder when 5294377 is divided by 43?
2
Calculate the remainder when 660557 is divided by 660555.
2
What is the remainder when 168117 is divided by 40?
37
What is the remainder when 256098538 is divided by 68?
66
What is the remainder when 104927 is divided by 912?
47
Calculate the remainder when 65435 is divided by 2263.
2071
What is the remainder when 20572298 is divided by 363?
362
What is the remainder when 76521417 is divided by 255?
252
What is the remainder when 620710 is divided by 13486?
354
Calculate the remainder when 33916115 is divided by 3958.
13
What is the remainder when 15369823 is divided by 48?
31
Calculate the remainder when 433750 is divided by 839.
826
Calculate the remainder when 8022322 is divided by 159.
136
What is the remainder when 66826250 is divided by 31?
15
Calculate the remainder when 351118 is divided by 288.
46
Calculate the remainder when 1023440 is divided by 55.
0
What is the remainder when 237331 is divided by 207?
109
Calculate the remainder when 593492 is divided by 593490.
2
What is the remainder when 1782660 is divided by 148555?
0
Calculate the remainder when 14773375 is divided by 547.
546
Calculate the remainder when 1355619 is divided by 273.
174
What is the remainder when 38707 is divided by 7616?
627
Calculate the remainder when 416320 is divided by 568.
544
What is the remainder when 339560 is divided by 3719?
1131
What is the remainder when 10667549 is divided by 10667533?
16
Calculate the remainder when 23486412 is divided by 112.
12
What is the remainder when 2060099 is divided by 294284?
111
What is the remainder when 7390486 is divided by 595?
586
Calculate the remainder when 26575 is divided by 6145.
1995
What is the remainder when 168306 is divided by 552?
498
What is the remainder when 8603001 is divided by 835?
831
Calculate the remainder when 127727 is divided by 61824.
4079
Calculate the remainder when 1590874 is divided by 2811.
2659
Calculate the remainder when 54846 is divided by 1519.
162
What is the remainder when 160861 is divided by 581?
505
What is the remainder when 4279897 is divided by 611394?
139
What is the remainder when 16280949 is divided by 350?
349
What is the remainder when 2217728 is divided by 2217503?
225
Calculate the remainder when 75847 is divided by 37677.
493
Calculate the remainder when 390146 is divided by 13916.
498
Calculate the remainder when 24190 is 